= x + 24. Suppose -3*t + t = 10, 3*t + 81 = 3*u. Calculate the remainder when g is divided by u.
16
Let v = -457 - -482. Calculate the remainder when -24 + v - (-209 - 0) is divided by 53.
51
Suppose 263 + 383 - 26 = 2*n. What is the remainder when n is divided by 153?
4
Suppose 2042*x - 13260 = 1991*x. What is the remainder when x is divided by -5*-4*7/10?
8
Suppose 2*m - 2*j = 86, 14*m - 11*m = -2*j + 109. What is the remainder when 744 is divided by m?
3
Let u(o) = -17*o + 1 + 1 + 6 + 20*o. Let v be u(-2). Suppose -4*z + 5*i + 200 = i, v*i = -4*z + 224. What is the remainder when z is divided by 11?
10
Let o = -73114 + 73143. Let d = -33 + 92. What is the remainder when d is divided by o?
1
Suppose -12 = -0*v - 2*v. Let n = -94429 - -94458. Calculate the remainder when n is divided by v.
5
Let w(u) = -31*u - 22. Let v be w(-7). Let b = v + -160. Calculate the remainder when 174 is divided by b.
34
Let c(a) = 51*a**2 + 229*a + 6. What is the remainder when 259 is divided by c(-5)?
123
Suppose -2*g = -7*g - x + 8, 0 = -3*g + 3*x + 12. Suppose 431 = g*p + 3*n, -18*n + 19*n - 425 = -2*p. What is the remainder when p is divided by 20?
11
Let u(o) = -2*o**2 - 27*o - 24. Let t(g) = 7*g**2 + 59*g + 12. Let a be t(-8). What is the remainder when 39 is divided by u(a)?
3
Let l = -2713 - -3218. Calculate the remainder when l is divided by 2.
1
Let y(t) = t**3 + 7*t**2 + 12*t + 9. Let k(o) = o**3 + 7*o**2 + 12*o + 9. Let i(x) = -5*k(x) + 6*y(x). What is the remainder when 141 is divided by i(-4)?
6
Calculate the remainder when 1390 is divided by 8/(-5)*(-921*13/78 + 6).
210
Let z(o) = o**3 - 8*o**2 - 412*o + 30. Calculate the remainder when z(-13) is divided by 230.
227
Let o = 9 + 31. Suppose -28*u - 204 = -o*u. What is the remainder when 65 is divided by u?
14
Calculate the remainder when (-3)/(9/6) - (-2080 + -18) is divided by 6.
2
Suppose h + x + 5 = 12, -5*h = 2*x - 26. What is the remainder when h + -7 + 130 + 3 is divided by 33?
31
Suppose -3967 = -284*s + 5405. What is the remainder when 61 is divided by s?
28
Let g(k) = 10*k - 1. Let s be g(4). Suppose -11 = 4*d + 2*m - s, 4*m = -5*d + 38. Suppose -d*x + 0*x + 300 = 0. What is the remainder when x is divided by 18?
14
Let z = -6568 - -6625. What is the remainder when 1481 is divided by z?
56
Suppose -23832 = -22*n - 14*n. What is the remainder when n is divided by 18?
14
Let s(l) = -60*l - 585. What is the remainder when 249 is divided by s(-12)?
114
What is the remainder when (-4)/38 + (7230/95 - 0) is divided by 27?
22
Let a(h) = 233*h**2. Let n be a(-1). Suppose n*i + 1503 = 242*i. What is the remainder when i is divided by 13?
11
Suppose 5*h + 4*w - 402 = 2*h, 2*h - 5*w = 268. Let o = 68 + -45. Calculate the remainder when h is divided by o.
19
Let u = 22933 - 19732. What is the remainder when u is divided by 9?
6
Suppose 2*j + 2*n = 6, 5*j - 8 - 19 = -n. Let q(w) = -4*w**2 + 42*w - 2. Let h be q(5). Suppose o - h + j = 0. Calculate the remainder when o is divided by 7.
4
Let k(o) = o**2 - 45*o - 507. Calculate the remainder when k(-12) is divided by 24.
9
Suppose 172*a - 15896 - 36048 = 0. Calculate the remainder when a is divided by 81.
59
Suppose 0 = 3*v + 5*w - 804, 9*w - 5*w = -v + 275. Let s = 286 - v. What is the remainder when 526 is divided by s?
20
Let q = -14778 - -14838. What is the remainder when 645 is divided by q?
45
Let h = -933 - -1011. Calculate the remainder when 5299 is divided by h.
73
Suppose 74*x - 14107 - 54467 = 38578. What is the remainder when x is divided by 7?
6
Calculate the remainder when 102 is divided by ((-2)/20 - 0) + (-2556)/(-360).
4
Let c = -12339 + 13398. Calculate the remainder when c is divided by 106.
105
Suppose -y - 12 + 7 = -3*r, -4 = -4*r + 4*y. Let j be 2/((r/(-6))/((-135)/(-6))). Let g = -61 - j. What is the remainder when g is divided by 26?
22
Suppose 4*b - 851*k + 848*k - 30982 = 0, 3*b + k - 23230 = 0. Calculate the remainder when b is divided by 13.
9
What is the remainder when 297 is divided by (70/49)/5 + (-2336)/(-56)?
3
Let l(p) = -p**2 + 0*p**2 - 4*p - p + 0*p**2. Let o be l(-3). Suppose 40 = o*a - 128. What is the remainder when a is divided by 6?
4
Suppose -27*w = -20*w - 21. What is the remainder when 56 is divided by (-40)/(-2) + (-1)/w*-3?
14
Let r(m) = 49*m + 2490. Calculate the remainder when 7587 is divided by r(-48).
135
Suppose -8*y + 18 = -5*y. Let r(w) = w - 1 + 2 - y*w - 9. Calculate the remainder when r(-10) is divided by 11.
9
Let h = -329 - -327. Let d(b) = b**2 - 4*b + 3. Let q be d(2). What is the remainder when ((-1316)/(-8))/7 + q/h is divided by 7?
3
Let p(i) = -26*i**3 + 33*i**2 + 24*i + 25. Calculate the remainder when p(-7) is divided by 189.
186
Suppose -4*n + 551 = 828 - 4113. Calculate the remainder when n is divided by 3.
2
Let r be (-58)/435 - (-88)/(-15). Calculate the remainder when (-2)/(r - -8)*-54 is divided by 11.
10
Suppose -28 = -3*m - 34. Let o be 5635/45 + m/9. Suppose -275 - o = -4*d. What is the remainder when d is divided by 26?
22
Let g(t) = -11*t**3 + t**2 - 12*t + 7. Let q be g(3). Let v = 447 + q. Calculate the remainder when v is divided by 19.
16
Suppose -2*z + w + 20699 = 0, 12*z - 9*z + 2*w - 31038 = 0. Calculate the remainder when z is divided by 25.
23
Let h(o) = o**2 - 9 - 2 + 8*o + 22 - 3. Let m = 207 - 88. Calculate the remainder when m is divided by h(-8).
7
Let h = 57 - 73. Let t = 32 - h. Let d(u) = -10*u**3 + u**2 + 2*u + 1. Calculate the remainder when t is divided by d(-1).
8
Suppose -4*g = 4*v - 127 - 105, 0 = 2*v - 4*g - 80. What is the remainder when 445 is divided by v?
29
Let y be (2 - 24/9)/(10/(-585)). Let p = -35 + y. Suppose n + 92 = p*r + 5*n, -103 = -5*r - n. Calculate the remainder when 28 is divided by r.
8
Calculate the remainder when -2*((-60)/(-2))/(-3) is divided by 7*(1 - -2) - (47 - 39).
7
Suppose -4*z - 21 = -p, 0 = -4*p + 2*p + 3*z + 57. Let n = 2 + -1. Suppose -n - 37 = -2*x. Calculate the remainder when p is divided by x.
14
Suppose 9*n - 8*n = 20. Let q = n - -5. What is the remainder when (1 + -2)/(24/36)*-66 is divided by q?
24
Let v(g) = -4*g + 5. Let z be v(4). Let j(w) = -6*w + 23. Calculate the remainder when j(z) is divided by 5.
4
Let f = -83 + 512. Suppose -26*l + 29*l = i + 439, 3*i = 3*l - f. Calculate the remainder when l is divided by 41.
25
Let d = -1122 - -1158. Let r = 30 + 82. Calculate the remainder when r is divided by d.
4
Suppose -9*o + 11 = -6*o - 2*j, -5*j + 25 = 0. What is the remainder when (o + 22/(-3))*-93 is divided by 26?
5
Suppose -2*u + 287 = 120*j - 125*j, -5*j = -4*u + 289. Let i = 251 + -171. Let t = i + j. Calculate the remainder when t is divided by 9.
5
Suppose 91 - 23 = 4*n - 5*v, 3*n = -3*v + 51. What is the remainder when 7851 is divided by n?
14
Let a(o) be the first derivative of 13*o**3/3 - 5*o**2 - 6*o - 96. What is the remainder when a(-4) is divided by 41?
37
Suppose -j - x = -2*x, 2*j + 3*x = 25. Suppose -67 = -8*g + j*g - 2*a, 4*a = g + 1. Calculate the remainder when 112 is divided by g.
17
Let j(f) = 7*f**2 - 443*f - 141. Calculate the remainder when j(64) is divided by 10.
9
Suppose 4*c - j - 40 = 0, -3*c - 6*j + 7 = -j. Calculate the remainder when 1356 is divided by c.
6
Let q(s) = 6 + 41*s**2 - 7 + s - 40*s**2. Let z = 1 - -1. What is the remainder when 18 is divided by q(z)?
3
Suppose 29*b - 33051 - 122563 = 0. Calculate the remainder when b is divided by 59.
56
Let y = 27 + -25. Suppose -2*j - y = -4*k, -3*j - j + k = -17. Calculate the remainder when -10*7*j/(-10) is divided by 10.
5
What is the remainder when (-40025)/(-40) + -10 + (-1162)/(-112) is divided by 261?
218
Suppose 0 = 78*a + 73*a - 49377. What is the remainder when a is divided by 100?
27
Let g = 79 + -250. Let q = g - -194. Calculate the remainder when 112 is divided by q.
20
Let i(u) = -u**3 + 18*u**2 - 36*u. Calculate the remainder when 808 is divided by i(15).
133
What is the remainder when 419 is divided by (0 + (-1)/3)*((-262 - 23) + 3)?
43
Let c(z) = 31*z**2 - 74*z - 61. What is the remainder when 168 is divided by c(4)?
29
Suppose -5*z = -5*t + 625, 0 = 26*t - 23*t + 2*z - 385. What is the remainder when t is divided by 10?
7
Let l = 19096 + -18920. Calculate the remainder when 522 is divided by l.
170
Suppose -2*o